{"id":5442,"date":"2022-01-17T12:40:00","date_gmt":"2022-01-17T12:40:00","guid":{"rendered":"https:\/\/paracerrajeros.com\/?post_type=product&#038;p=5442"},"modified":"2026-04-05T16:33:21","modified_gmt":"2026-04-05T16:33:21","slug":"maletin-plantillas-de-impresion","status":"publish","type":"product","link":"https:\/\/paracerrajeros.com\/index.php\/product\/maletin-plantillas-de-impresion\/","title":{"rendered":"Malet\u00edn de plantillas de impresi\u00f3n con todo incluido"},"content":{"rendered":"<p>MALETIN Llaves Maestras de impresi\u00f3n.<\/p>\n<p>Malet\u00edn de impresi\u00f3n 100% original de nuestra marca SHEIKETOOLS, fabricado para los bombines mas utilizados en Espa\u00f1a y Europa.<\/p>\n<p><strong>INCLUYE:<\/strong><br \/>\n-16+3 llaves de impresi\u00f3n<br \/>\n-1 Mango regulable<br \/>\n-1 Mango para las llaves del malet\u00edn 10\u00ba generaci\u00f3n.<br \/>\n-1 Llave ALLEN<br \/>\n-1 Perfilador<br \/>\n-1 Malet\u00edn<br \/>\n-1 Aguja<\/p>\n<p><strong>MARCAS:<\/strong><br \/>\n-1 Llave de Impresi\u00f3n (FAC V)<br \/>\n-1 Llave de Impresi\u00f3n (EZCURRA DS15)<br \/>\n-1 Llave de Impresi\u00f3n (IFAM M2)<br \/>\n-1 Llave de Impresi\u00f3n (MCM S)<br \/>\n-1 Llave de Impresi\u00f3n (MCM E8)<br \/>\n-1 Llave de Impresi\u00f3n (DASS)<br \/>\n-1 Llave de Impresi\u00f3n (LINCE C6)<br \/>\n-1 Llave de Impresi\u00f3n (ISEO R6)<br \/>\n-1 Llave de Impresi\u00f3n (FAC)<br \/>\n-1 Llave de Impresi\u00f3n (GARDESA)<br \/>\n-2 Llaves de Impresi\u00f3n (T60)<br \/>\n-2 Llaves de Impresi\u00f3n (AZBZ HS6 y funciona tambi\u00e9n AZBZ HS7)<br \/>\n-3 Llaves del malet\u00edn 10\u00ba generaci\u00f3n<\/p>\n<p>&nbsp;<\/p>\n","protected":false},"excerpt":{"rendered":"<p>Malet\u00edn de impresi\u00f3n para profesionales<\/p>\n","protected":false},"featured_media":5443,"comment_status":"open","ping_status":"closed","template":"","meta":[],"etheme_brands":[],"product_cat":[88,90,87],"product_tag":[],"class_list":["post-5442","product","type-product","status-publish","has-post-thumbnail","hentry","product_cat-apertura-sin-rotura-y-ganzuas","product_cat-herramientas-y-utiles","product_cat-plantillas-impresion-llaves"],"_links":{"self":[{"href":"https:\/\/paracerrajeros.com\/index.php\/wp-json\/wp\/v2\/product\/5442","targetHints":{"allow":["GET"]}}],"collection":[{"href":"https:\/\/paracerrajeros.com\/index.php\/wp-json\/wp\/v2\/product"}],"about":[{"href":"https:\/\/paracerrajeros.com\/index.php\/wp-json\/wp\/v2\/types\/product"}],"replies":[{"embeddable":true,"href":"https:\/\/paracerrajeros.com\/index.php\/wp-json\/wp\/v2\/comments?post=5442"}],"wp:featuredmedia":[{"embeddable":true,"href":"https:\/\/paracerrajeros.com\/index.php\/wp-json\/wp\/v2\/media\/5443"}],"wp:attachment":[{"href":"https:\/\/paracerrajeros.com\/index.php\/wp-json\/wp\/v2\/media?parent=5442"}],"wp:term":[{"taxonomy":"brand","embeddable":true,"href":"https:\/\/paracerrajeros.com\/index.php\/wp-json\/wp\/v2\/etheme_brands?post=5442"},{"taxonomy":"product_cat","embeddable":true,"href":"https:\/\/paracerrajeros.com\/index.php\/wp-json\/wp\/v2\/product_cat?post=5442"},{"taxonomy":"product_tag","embeddable":true,"href":"https:\/\/paracerrajeros.com\/index.php\/wp-json\/wp\/v2\/product_tag?post=5442"}],"curies":[{"name":"wp","href":"https:\/\/api.w.org\/{rel}","templated":true}]}}