{"id":5508,"date":"2022-03-04T11:15:22","date_gmt":"2022-03-04T11:15:22","guid":{"rendered":"https:\/\/paracerrajeros.com\/?post_type=product&#038;p=5508"},"modified":"2026-04-28T04:39:48","modified_gmt":"2026-04-28T04:39:48","slug":"extractor-universal-para-cerraduras-del-hogar-y-vehiculos","status":"publish","type":"product","link":"https:\/\/paracerrajeros.com\/index.php\/product\/extractor-universal-para-cerraduras-del-hogar-y-vehiculos\/","title":{"rendered":"Extractor universal para cerraduras del hogar y veh\u00edculos."},"content":{"rendered":"<p>Extractor b\u00e1sico de alta calidad. R\u00e1pido y f\u00e1cil de usar.<\/p>\n","protected":false},"excerpt":{"rendered":"<p>Extractor universal para puertas dom\u00e9sticas y veh\u00edculos, f\u00e1cil y r\u00e1pido de usar.<\/p>\n<p>Necesario el uso de tornillos de extracci\u00f3n y de llave.<br \/>\nTodo esto lo podr\u00e1 encontrar en nuestra tienda online y f\u00edsica.<\/p>\n","protected":false},"featured_media":5494,"comment_status":"open","ping_status":"closed","template":"","meta":[],"etheme_brands":[],"product_cat":[89,94],"product_tag":[],"class_list":["post-5508","product","type-product","status-publish","has-post-thumbnail","hentry","product_cat-apertura-con-rotura","product_cat-apertura-para-vehiculos-y-coches"],"_links":{"self":[{"href":"https:\/\/paracerrajeros.com\/index.php\/wp-json\/wp\/v2\/product\/5508","targetHints":{"allow":["GET"]}}],"collection":[{"href":"https:\/\/paracerrajeros.com\/index.php\/wp-json\/wp\/v2\/product"}],"about":[{"href":"https:\/\/paracerrajeros.com\/index.php\/wp-json\/wp\/v2\/types\/product"}],"replies":[{"embeddable":true,"href":"https:\/\/paracerrajeros.com\/index.php\/wp-json\/wp\/v2\/comments?post=5508"}],"wp:featuredmedia":[{"embeddable":true,"href":"https:\/\/paracerrajeros.com\/index.php\/wp-json\/wp\/v2\/media\/5494"}],"wp:attachment":[{"href":"https:\/\/paracerrajeros.com\/index.php\/wp-json\/wp\/v2\/media?parent=5508"}],"wp:term":[{"taxonomy":"brand","embeddable":true,"href":"https:\/\/paracerrajeros.com\/index.php\/wp-json\/wp\/v2\/etheme_brands?post=5508"},{"taxonomy":"product_cat","embeddable":true,"href":"https:\/\/paracerrajeros.com\/index.php\/wp-json\/wp\/v2\/product_cat?post=5508"},{"taxonomy":"product_tag","embeddable":true,"href":"https:\/\/paracerrajeros.com\/index.php\/wp-json\/wp\/v2\/product_tag?post=5508"}],"curies":[{"name":"wp","href":"https:\/\/api.w.org\/{rel}","templated":true}]}}