{"id":5510,"date":"2022-03-04T11:19:47","date_gmt":"2022-03-04T11:19:47","guid":{"rendered":"https:\/\/paracerrajeros.com\/?post_type=product&#038;p=5510"},"modified":"2026-04-25T12:57:37","modified_gmt":"2026-04-25T12:57:37","slug":"extractor-de-cilindros-redondos-ovalados-y-de-perfil-europeo-universal","status":"publish","type":"product","link":"https:\/\/paracerrajeros.com\/index.php\/product\/extractor-de-cilindros-redondos-ovalados-y-de-perfil-europeo-universal\/","title":{"rendered":"Extractor de cilindros redondos, ovalados y de perfil europeo. Universal."},"content":{"rendered":"<p>Permite la extracci\u00f3n de cilindros de perfil europeo, redondos y ovalados de forma f\u00e1cil y sin problemas.<\/p>\n<p><strong>Caracter\u00edsticas:<\/strong><\/p>\n<p align=\"left\">-Permite la extracci\u00f3n de cilindros de perfil europeo, redondos y ovalados de forma f\u00e1cil y sin problemas.<\/p>\n<p>-La Campana-Sheike permite la apertura muy r\u00e1pida de puertas sin causar da\u00f1o en la misma o en el escudo.<\/p>\n<p align=\"left\">-Usa un mecanismo de tracci\u00f3n central, con esto se evita la creaci\u00f3n de fuerzas laterales. Esto minimiza el peligro de torcedura o da\u00f1o de los tornillos.<\/p>\n<p align=\"left\">-Por su dise\u00f1o compacto y robusto, y su facilidad de uso y efectividad, la \u201cCampana\u201d es reconocida por los expertos internacionales, como la herramienta m\u00e1s efectiva para la extracci\u00f3n de cilindros y bombines.<\/p>\n<p align=\"left\">-Esta producida de acero de alta resistencia y permite su uso durante largos a\u00f1os.<\/p>\n<p>-El mecanismo tiene una M12 rosca fina (H45) que permite el uso suave sin necesidad de grandes esfuerzos.<\/p>\n<p>-Extractor de bombines universal, capaz hasta de romper cilindros de seguridad con conexi\u00f3n de acero.<\/p>\n<p>-Los tornillos y herramientas necesarias las podr\u00e1 encontrar en nuestra p\u00e1gina web o tienda f\u00edsica.<\/p>\n","protected":false},"excerpt":{"rendered":"<p>Herramienta de cerrajer\u00eda de alta calidad profesional.<\/p>\n","protected":false},"featured_media":5496,"comment_status":"open","ping_status":"closed","template":"","meta":[],"etheme_brands":[],"product_cat":[89],"product_tag":[],"class_list":["post-5510","product","type-product","status-publish","has-post-thumbnail","hentry","product_cat-apertura-con-rotura"],"_links":{"self":[{"href":"https:\/\/paracerrajeros.com\/index.php\/wp-json\/wp\/v2\/product\/5510","targetHints":{"allow":["GET"]}}],"collection":[{"href":"https:\/\/paracerrajeros.com\/index.php\/wp-json\/wp\/v2\/product"}],"about":[{"href":"https:\/\/paracerrajeros.com\/index.php\/wp-json\/wp\/v2\/types\/product"}],"replies":[{"embeddable":true,"href":"https:\/\/paracerrajeros.com\/index.php\/wp-json\/wp\/v2\/comments?post=5510"}],"wp:featuredmedia":[{"embeddable":true,"href":"https:\/\/paracerrajeros.com\/index.php\/wp-json\/wp\/v2\/media\/5496"}],"wp:attachment":[{"href":"https:\/\/paracerrajeros.com\/index.php\/wp-json\/wp\/v2\/media?parent=5510"}],"wp:term":[{"taxonomy":"brand","embeddable":true,"href":"https:\/\/paracerrajeros.com\/index.php\/wp-json\/wp\/v2\/etheme_brands?post=5510"},{"taxonomy":"product_cat","embeddable":true,"href":"https:\/\/paracerrajeros.com\/index.php\/wp-json\/wp\/v2\/product_cat?post=5510"},{"taxonomy":"product_tag","embeddable":true,"href":"https:\/\/paracerrajeros.com\/index.php\/wp-json\/wp\/v2\/product_tag?post=5510"}],"curies":[{"name":"wp","href":"https:\/\/api.w.org\/{rel}","templated":true}]}}